e?
False
Is 6442613 prime?
True
Is 5339759 composite?
False
Is 29201 a composite number?
False
Is 6388409 composite?
False
Is 707831 prime?
True
Is 6119417 prime?
True
Is 15868067 prime?
False
Is 3433681 a prime number?
False
Is 1860629 a prime number?
True
Is 317771 prime?
True
Is 36974713 composite?
True
Is 331651481 a prime number?
False
Is 21395557 prime?
False
Is 3161857 a prime number?
True
Is 331242641 a prime number?
True
Is 63161363 prime?
True
Is 8541101 composite?
False
Is 4687039 composite?
True
Is 237400413 prime?
False
Is 98894011 prime?
False
Is 8727829 a composite number?
True
Is 43661 prime?
True
Is 7326661 prime?
True
Is 23805913 a composite number?
False
Is 143734717 prime?
False
Is 115043 prime?
False
Is 17994583 a prime number?
False
Is 31558039 a prime number?
True
Is 65323627 prime?
True
Is 3423041 a prime number?
False
Is 18161377 composite?
True
Is 5115599 a composite number?
False
Is 16449943 composite?
True
Is 11943335 a prime number?
False
Is 342653777 a composite number?
True
Is 306317 prime?
False
Is 168852509 a prime number?
False
Is 496681 a composite number?
False
Is 43377337 a prime number?
True
Is 4645681 prime?
True
Is 265313941 a composite number?
False
Is 2175629 a prime number?
True
Is 151975617 a prime number?
False
Is 3613683 composite?
True
Is 123329263 a composite number?
False
Is 26160239 prime?
False
Is 8532019 a composite number?
False
Is 1549787 a prime number?
True
Is 2153839 a composite number?
False
Is 1137677 prime?
True
Is 37921847 prime?
False
Is 935601 a composite number?
True
Is 6473231 a prime number?
True
Is 1215553 prime?
True
Is 3614581 a composite number?
False
Is 6393923 prime?
False
Is 84797569 a composite number?
False
Is 3194743 prime?
True
Is 99643 composite?
False
Is 808149455 prime?
False
Is 52917703 prime?
False
Is 2297387 a composite number?
False
Is 15539627 a prime number?
True
Is 4930733 prime?
False
Is 33477427 composite?
True
Is 8934307 prime?
True
Is 8508127 a composite number?
False
Is 154644683 composite?
False
Is 15786895 composite?
True
Is 193602791 a composite number?
False
Is 109272079 composite?
True
Is 17674001 a composite number?
True
Is 10711823 a composite number?
False
Is 68355409 a composite number?
False
Is 3985337 a prime number?
True
Is 1213939 a prime number?
True
Is 21450161 prime?
True
Is 32207167 composite?
True
Is 16045339 composite?
False
Is 47659889 prime?
True
Is 22729589 composite?
True
Is 112682029 composite?
False
Is 610721 prime?
True
Is 2521163 a composite number?
True
Is 29104457 a composite number?
True
Is 1006277 prime?
False
Is 14781161 a prime number?
True
Is 188368757 composite?
True
Is 326296703 prime?
True
Is 1804093 a prime number?
True
Is 8716613 a prime number?
True
Is 51570187 a composite number?
False
Is 150247387 a prime number?
False
Is 22281709 prime?
False
Is 1201414029 a prime number?
False
Is 17114585 composite?
True
Is 30795487 prime?
True
Is 19274791 prime?
True
Is 815113 a prime number?
False
Is 733418441 a composite number?
True
Is 14665327 a prime number?
True
Is 9080107 composite?
False
Is 1654559 a composite number?
True
Is 60394811 composite?
False
Is 7695281 a prime number?
False
Is 31295219 a composite number?
False
Is 235526285 a prime number?
False
Is 359039 prime?
False
Is 6643645 composite?
True
Is 1171343 a composite number?
False
Is 23179111 a composite number?
False
Is 290376077 prime?
True
Is 7412983 a composite number?
True
Is 21497029 prime?
False
Is 5353031 a composite number?
False
Is 112004027 composite?
True
Is 140170691 a prime number?
True
Is 85040173 composite?
False
Is 22898927 a composite number?
True
Is 68887393 a composite number?
False
Is 19735411 a composite number?
False
Is 978314 prime?
False
Is 15911171 a composite number?
True
Is 5140291 composite?
True
Is 558139 prime?
True
Is 233882741 prime?
False
Is 9350399 a prime number?
True
Is 31485281 a prime number?
False
Is 44184715 composite?
True
Is 58390919 a prime number?
True
Is 1581301 a composite number?
True
Is 3875973 a prime number?
False
Is 15408529 a composite number?
True
Is 89440217 a prime number?
True
Is 17721997 prime?
False
Is 236813459 prime?
True
Is 181502873 a prime number?
True
Is 142703437 a composite number?
False
Is 337754537 composite?
True
Is 1138909 prime?
False
Is 1147811 prime?
False
Is 6002693 a composite number?
False
Is 17972099 prime?
True
Is 1812073 a prime number?
True
Is 174525433 a prime number?
False
Is 109297 a prime number?
True
Is 5213161 a prime number?
True
Is 12417409 a composite number?
True
Is 417565957 prime?
False
Is 13291753 a composite number?
False
Is 11684843 a prime number?
True
Is 925529381 a composite number?
True
Is 17414435 prime?
False
Is 5706973 prime?
False
Is 1099079 a prime number?
True
Is 2315539 composite?
False
Is 2842493 composite?
True
Is 11842273 a prime number?
False
Is 74877031 prime?
True
Is 2610853 a prime number?
False
Is 343751 a prime number?
False
Is 806893 prime?
True
Is 11894453 composite?
True
Is 3348223 a composite number?
False
Is 20943521 a composite number?
True
Is 21746663 a composite number?
False
Is 109409311 composite?
True
Is 2331677 prime?
True
Is 1860629 composite?
False
Is 9419861 prime?
False
Is 5556743 a composite number?
False
Is 13829051 prime?
True
Is 1599803 composite?
False
Is 9846779 a composite number?
False
Is 4733026 a prime number?
False
Is 60499955 composite?
True
Is 428369 prime?
True
Is 16196891 a composite number?
True
Is 2267497 composite?
False
Is 58694095 a prime number?
False
Is 1552451 a prime number?
True
Is 26015077 prime?
False
Is 36574561 a prime number?
False
Is 47417819 a composite number?
True
Is 118415359 composite?
False
Is 15811493 composite?
True
Is 20413366 a prime number?
False
Is 10805287 a prime number?
False
Is 770758007 a composite number?
True
Is 5877821 a composite number?
True
Is 613411 a prime number?
False
Is 11139463 a prime number?
True
Is 9449903 composite?
False
Is 41932619 composite?
False
Is 175760371 a composite number?
True
Is 28619411 a composite number?
False
Is 30482281 a composite number?
False
Is 634787 composite?
True
Is 16466083 prime?
True
Is 14883563 a composite number?
False
Is 17480074 a prime number?
False
Is 277333741 a prime number?
True
Is 47385722 composite?
True
Is 43249 composite?
True
Is 1987969 a prime number?
True
Is 5151331 a composite number?
True
Is 5125799 composite?
True
Is 13861109 a prime number?
True
Is 623024453 composite?
True
Is 112231703 composite?
False
Is 8648411 prime?
False
Is 4925419 a composite number?
False
Is 2435327 composite?
False
Is 27215627 a prime number?
True
Is 3779497 a prime number?
False
Is 35878 composite?
True
Is 89674783 prime?
False
Is 36833891 prime?
True
Is 246176191 a composite number?
False
Is 82136389 prime?
True
Is 71713217 a prime number?
False
Is 4931063 a prime number?
True
Is 37016231 a composite number?
True
Is 120292547 a prime number?
True
Is 30817783 a composite number?
False
Is 6425143 a composite number?
False
Is 6497243 prime?
True
Is 36524247 a prime number?
False
Is 1794539 a composite number?
False
Is 12756769 composite?
True
Is 14634887 a composite number?
True
Is 6866209 a prime number?
False
Is 25520867 composite?
False
Is 464544161 composite?
False
Is 7603669 prime?
True
Is 133681913 composite?
False
Is 5058869 prime?
False
Is 1631911 composite?
False
Is 273151622 a composite number?
True
Is 223554743 prime?
False
Is 2652523 composite?
True
Is 3420269 composite?
True
Is 43148089 a composite number?
False
Is 236654905 prime?
False
Is 1933571 prime?
True
Is 184932861 prime?
False
Is 744893 composite?
False
Is 229309 a prime number?
True
Is 451664999 prime?
False
Is 160824635 a composite number?
True
Is 53775577 a composite number?
False
Is 494587 prime?
True
Is 7728527 a composite number?
False
Is 5874829 a composite number?
False
Is 4718891 a prime number?
True
Is 782711 prime?
True
Is 10621397 a composite number?
False
Is 16357591 a composite number?
True
Is 18501529 a prime number?
True
Is 898973 a prime number?
False
Is 91123897 composite?
True
Is 60302173 a composite number?
False
Is 31173959 composite?
False
Is 18912523 a composite number?
True
Is 18419617 composite?
False
Is 303716653 composite?
True
Is 7125863 pr